[INFO] cloning repository https://github.com/hatoo/vst-rs-example-iced
[INFO] running `Command { std: "git" "-c" "credential.helper=" "-c" "credential.helper=/workspace/cargo-home/bin/git-credential-null" "clone" "--bare" "https://github.com/hatoo/vst-rs-example-iced" "/workspace/cache/git-repos/https%3A%2F%2Fgithub.com%2Fhatoo%2Fvst-rs-example-iced", kill_on_drop: false }`
[INFO] [stderr] Cloning into bare repository '/workspace/cache/git-repos/https%3A%2F%2Fgithub.com%2Fhatoo%2Fvst-rs-example-iced'...
[INFO] running `Command { std: "git" "rev-parse" "HEAD", kill_on_drop: false }`
[INFO] [stdout] 5f89e73c7438af83989b741a943fff578a730eac
[INFO] checking hatoo/vst-rs-example-iced against master#af3c6e733a40e671550e0f0f5aeecaa13772ba56 for pr-74989
[INFO] running `Command { std: "git" "clone" "/workspace/cache/git-repos/https%3A%2F%2Fgithub.com%2Fhatoo%2Fvst-rs-example-iced" "/workspace/builds/worker-11/source", kill_on_drop: false }`
[INFO] [stderr] Cloning into '/workspace/builds/worker-11/source'...
[INFO] [stderr] done.
[INFO] validating manifest of git repo https://github.com/hatoo/vst-rs-example-iced on toolchain af3c6e733a40e671550e0f0f5aeecaa13772ba56
[INFO] running `Command { std: "/workspace/cargo-home/bin/cargo" "+af3c6e733a40e671550e0f0f5aeecaa13772ba56" "read-manifest" "--manifest-path" "Cargo.toml", kill_on_drop: false }`
[INFO] started tweaking git repo https://github.com/hatoo/vst-rs-example-iced
[INFO] finished tweaking git repo https://github.com/hatoo/vst-rs-example-iced
[INFO] tweaked toml for git repo https://github.com/hatoo/vst-rs-example-iced written to /workspace/builds/worker-11/source/Cargo.toml
[INFO] crate git repo https://github.com/hatoo/vst-rs-example-iced already has a lockfile, it will not be regenerated
[INFO] running `Command { std: "/workspace/cargo-home/bin/cargo" "+af3c6e733a40e671550e0f0f5aeecaa13772ba56" "fetch" "--locked" "--manifest-path" "Cargo.toml", kill_on_drop: false }`
[INFO] [stderr]     Blocking waiting for file lock on package cache
[INFO] [stderr]     Blocking waiting for file lock on package cache
[INFO] running `Command { std: "docker" "create" "-v" "/var/lib/crater-agent-workspace/builds/worker-11/target:/opt/rustwide/target:rw,Z" "-v" "/var/lib/crater-agent-workspace/builds/worker-11/source:/opt/rustwide/workdir:ro,Z" "-v" "/var/lib/crater-agent-workspace/cargo-home:/opt/rustwide/cargo-home:ro,Z" "-v" "/var/lib/crater-agent-workspace/rustup-home:/opt/rustwide/rustup-home:ro,Z" "-e" "SOURCE_DIR=/opt/rustwide/workdir" "-e" "CARGO_TARGET_DIR=/opt/rustwide/target" "-e" "CARGO_HOME=/opt/rustwide/cargo-home" "-e" "RUSTUP_HOME=/opt/rustwide/rustup-home" "-w" "/opt/rustwide/workdir" "-m" "1610612736" "--user" "0:0" "--network" "none" "rustops/crates-build-env@sha256:d92eaeed33fa75130ca1ee6c8a01d1ffb62bac859dfdfb3450e3e5d1c0146529" "/opt/rustwide/cargo-home/bin/cargo" "+af3c6e733a40e671550e0f0f5aeecaa13772ba56" "metadata" "--no-deps" "--format-version=1", kill_on_drop: false }`
[INFO] [stdout] 2403adfb7c9b408e30b12e0fb81ed424c7ae026492d2cd963bd10e051e8afcb8
[INFO] [stderr] WARNING: Your kernel does not support swap limit capabilities or the cgroup is not mounted. Memory limited without swap.
[INFO] running `Command { std: "docker" "start" "-a" "2403adfb7c9b408e30b12e0fb81ed424c7ae026492d2cd963bd10e051e8afcb8", kill_on_drop: false }`
[INFO] running `Command { std: "docker" "inspect" "2403adfb7c9b408e30b12e0fb81ed424c7ae026492d2cd963bd10e051e8afcb8", kill_on_drop: false }`
[INFO] running `Command { std: "docker" "rm" "-f" "2403adfb7c9b408e30b12e0fb81ed424c7ae026492d2cd963bd10e051e8afcb8", kill_on_drop: false }`
[INFO] [stdout] 2403adfb7c9b408e30b12e0fb81ed424c7ae026492d2cd963bd10e051e8afcb8
[INFO] running `Command { std: "docker" "create" "-v" "/var/lib/crater-agent-workspace/builds/worker-11/target:/opt/rustwide/target:rw,Z" "-v" "/var/lib/crater-agent-workspace/builds/worker-11/source:/opt/rustwide/workdir:ro,Z" "-v" "/var/lib/crater-agent-workspace/cargo-home:/opt/rustwide/cargo-home:ro,Z" "-v" "/var/lib/crater-agent-workspace/rustup-home:/opt/rustwide/rustup-home:ro,Z" "-e" "SOURCE_DIR=/opt/rustwide/workdir" "-e" "CARGO_TARGET_DIR=/opt/rustwide/target" "-e" "CARGO_INCREMENTAL=0" "-e" "RUST_BACKTRACE=full" "-e" "RUSTFLAGS=--cap-lints=forbid" "-e" "CARGO_HOME=/opt/rustwide/cargo-home" "-e" "RUSTUP_HOME=/opt/rustwide/rustup-home" "-w" "/opt/rustwide/workdir" "-m" "1610612736" "--user" "0:0" "--network" "none" "rustops/crates-build-env@sha256:d92eaeed33fa75130ca1ee6c8a01d1ffb62bac859dfdfb3450e3e5d1c0146529" "/opt/rustwide/cargo-home/bin/cargo" "+af3c6e733a40e671550e0f0f5aeecaa13772ba56" "check" "--frozen" "--all" "--all-targets" "--message-format=json", kill_on_drop: false }`
[INFO] [stdout] 569e2b2aebd146784644aef4475c0f2e08dfd2c960471e18b7d92cb46b996309
[INFO] [stderr] WARNING: Your kernel does not support swap limit capabilities or the cgroup is not mounted. Memory limited without swap.
[INFO] running `Command { std: "docker" "start" "-a" "569e2b2aebd146784644aef4475c0f2e08dfd2c960471e18b7d92cb46b996309", kill_on_drop: false }`
[INFO] [stderr]    Compiling libc v0.2.68
[INFO] [stderr]     Checking cfg-if v0.1.10
[INFO] [stderr]    Compiling autocfg v1.0.0
[INFO] [stderr]    Compiling log v0.4.8
[INFO] [stderr]     Checking lazy_static v1.4.0
[INFO] [stderr]     Checking slab v0.4.2
[INFO] [stderr]    Compiling proc-macro2 v1.0.10
[INFO] [stderr]    Compiling unicode-xid v0.2.0
[INFO] [stderr]    Compiling syn v1.0.17
[INFO] [stderr]    Compiling proc-macro2 v0.4.30
[INFO] [stderr]     Checking arrayvec v0.5.1
[INFO] [stderr]    Compiling xml-rs v0.8.1
[INFO] [stderr]    Compiling nix v0.14.1
[INFO] [stderr]     Checking same-file v1.0.6
[INFO] [stderr]     Checking void v1.0.2
[INFO] [stderr]    Compiling semver-parser v0.7.0
[INFO] [stderr]    Compiling memchr v2.3.3
[INFO] [stderr]    Compiling proc-macro-nested v0.1.4
[INFO] [stderr]    Compiling proc-macro-hack v0.5.15
[INFO] [stderr]     Checking futures-sink v0.3.4
[INFO] [stderr]     Checking futures-core v0.3.4
[INFO] [stderr]     Checking pin-utils v0.1.0-alpha.4
[INFO] [stderr]     Checking futures-task v0.3.4
[INFO] [stderr]     Checking futures-io v0.3.4
[INFO] [stderr]     Checking downcast-rs v1.1.1
[INFO] [stderr]     Checking ttf-parser v0.6.1
[INFO] [stderr]     Checking atom v0.3.5
[INFO] [stderr]     Checking xdg v2.2.0
[INFO] [stderr]    Compiling rayon-core v1.7.0
[INFO] [stderr]     Checking ab_glyph_rasterizer v0.1.2
[INFO] [stderr]     Checking vec_map v0.8.1
[INFO] [stderr]     Checking copyless v0.1.4
[INFO] [stderr]     Checking iced_core v0.2.1 (https://github.com/hatoo/iced.git?branch=winit-0.2.1#ba05f6c2)
[INFO] [stderr]     Checking either v1.5.3
[INFO] [stderr]     Checking rustc-hash v1.1.0
[INFO] [stderr]     Checking float-ord v0.2.0
[INFO] [stderr]     Checking unicode-segmentation v1.6.0
[INFO] [stderr]     Checking xi-unicode v0.2.0
[INFO] [stderr]     Checking bytemuck v1.2.0
[INFO] [stderr]     Checking svg_fmt v0.4.1
[INFO] [stderr]     Checking instant v0.1.4
[INFO] [stderr]    Compiling winapi v0.3.8
[INFO] [stderr]    Compiling cmake v0.1.42
[INFO] [stderr]     Checking lock_api v0.3.3
[INFO] [stderr]    Compiling x11 v2.18.2
[INFO] [stderr]    Compiling servo-fontconfig-sys v4.0.9
[INFO] [stderr]    Compiling x11-dl v2.18.5
[INFO] [stderr]     Checking glam v0.8.6
[INFO] [stderr]     Checking walkdir v2.3.1
[INFO] [stderr]     Checking futures-channel v0.3.4
[INFO] [stderr]    Compiling semver v0.9.0
[INFO] [stderr]     Checking hibitset v0.6.3
[INFO] [stderr]    Compiling num-traits v0.2.11
[INFO] [stderr]    Compiling crossbeam-utils v0.7.2
[INFO] [stderr]    Compiling memoffset v0.5.4
[INFO] [stderr]    Compiling crossbeam-epoch v0.8.2
[INFO] [stderr]     Checking iced_style v0.1.0 (https://github.com/hatoo/iced.git?branch=winit-0.2.1#ba05f6c2)
[INFO] [stderr]     Checking libloading v0.5.2
[INFO] [stderr]     Checking stb_truetype v0.3.1
[INFO] [stderr]     Checking fxhash v0.2.1
[INFO] [stderr]    Compiling servo-freetype-sys v4.0.5
[INFO] [stderr]    Compiling expat-sys v2.1.6
[INFO] [stderr]    Compiling rustc_version v0.2.3
[INFO] [stderr]     Checking log-panics v2.0.0
[INFO] [stderr]     Checking dlib v0.4.1
[INFO] [stderr]     Checking ash v0.30.0
[INFO] [stderr]     Checking wayland-sys v0.23.6
[INFO] [stderr]    Compiling pathfinder_simd v0.5.0
[INFO] [stderr]    Compiling quote v0.6.13
[INFO] [stderr]    Compiling xcb v0.9.0
[INFO] [stderr]    Compiling quote v1.0.3
[INFO] [stderr]     Checking raw-window-handle v0.3.3
[INFO] [stderr]     Checking num_cpus v1.12.0
[INFO] [stderr]     Checking net2 v0.2.33
[INFO] [stderr]     Checking iovec v0.1.4
[INFO] [stderr]     Checking getrandom v0.1.14
[INFO] [stderr]     Checking parking_lot_core v0.7.0
[INFO] [stderr]     Checking memmap v0.7.0
[INFO] [stderr]     Checking dirs-sys v0.3.4
[INFO] [stderr]     Checking servo-fontconfig v0.4.0
[INFO] [stderr]     Checking freetype v0.4.1
[INFO] [stderr]     Checking thread-id v3.3.0
[INFO] [stderr]     Checking crossbeam-queue v0.2.2
[INFO] [stderr]     Checking crossbeam-channel v0.4.2
[INFO] [stderr]    Compiling wayland-scanner v0.23.6
[INFO] [stderr]     Checking gfx-hal v0.5.0
[INFO] [stderr]     Checking owned_ttf_parser v0.6.0
[INFO] [stderr]     Checking rand_core v0.5.1
[INFO] [stderr]     Checking mio v0.6.21
[INFO] [stderr]     Checking dirs v2.0.2
[INFO] [stderr]     Checking simple-logging v2.0.2
[INFO] [stderr]     Checking parking_lot v0.10.0
[INFO] [stderr]     Checking ab_glyph v0.2.2
[INFO] [stderr]     Checking rand_chacha v0.2.2
[INFO] [stderr]     Checking crossbeam-deque v0.7.3
[INFO] [stderr]     Checking approx v0.3.2
[INFO] [stderr]     Checking ordered-float v1.0.2
[INFO] [stderr]     Checking line_drawing v0.7.0
[INFO] [stderr]     Checking euclid v0.20.10
[INFO] [stderr]     Checking vst v0.2.0
[INFO] [stderr]     Checking rand v0.7.3
[INFO] [stderr]     Checking glyph_brush_layout v0.2.0
[INFO] [stderr]     Checking rusttype v0.8.2
[INFO] [stderr]     Checking pathfinder_geometry v0.5.1
[INFO] [stderr]     Checking mio-extras v2.0.6
[INFO] [stderr]     Checking font-kit v0.6.0
[INFO] [stderr]     Checking rayon v1.3.0
[INFO] [stderr]     Checking rusttype v0.7.9
[INFO] [stderr]     Checking andrew v0.2.1
[INFO] [stderr]     Checking guillotiere v0.5.1
[INFO] [stderr]     Checking twox-hash v1.5.0
[INFO] [stderr]    Compiling wayland-client v0.23.6
[INFO] [stderr]    Compiling wayland-protocols v0.23.6
[INFO] [stderr]     Checking glyph_brush_draw_cache v0.1.0
[INFO] [stderr]     Checking calloop v0.4.4
[INFO] [stderr]     Checking wayland-commons v0.23.6
[INFO] [stderr]     Checking glyph_brush v0.7.0
[INFO] [stderr]     Checking gfx-descriptor v0.1.0
[INFO] [stderr]     Checking gfx-memory v0.1.1
[INFO] [stderr]     Checking gfx-backend-empty v0.5.0
[INFO] [stderr]    Compiling synstructure v0.12.3
[INFO] [stderr]     Checking clipboard_x11 v0.1.0
[INFO] [stderr]    Compiling futures-macro v0.3.4
[INFO] [stderr]    Compiling peek-poke-derive v0.2.1
[INFO] [stderr]    Compiling zerocopy-derive v0.2.0
[INFO] [stderr]     Checking futures-util v0.3.4
[INFO] [stderr]     Checking zerocopy v0.3.0
[INFO] [stderr]     Checking peek-poke v0.2.0
[INFO] [stderr]     Checking wgpu-types v0.5.1
[INFO] [stderr]     Checking smithay-client-toolkit v0.6.6
[INFO] [stderr]     Checking smithay-clipboard v0.3.7
[INFO] [stderr]     Checking winit v0.21.0 (https://github.com/hatoo/winit.git?branch=0.2.1-hide_error#808123e3)
[INFO] [stderr]     Checking clipboard_wayland v0.1.0
[INFO] [stderr]     Checking window_clipboard v0.1.1
[INFO] [stderr]     Checking futures-executor v0.3.4
[INFO] [stderr]     Checking futures v0.3.4
[INFO] [stderr]     Checking iced_futures v0.1.2 (https://github.com/hatoo/iced.git?branch=winit-0.2.1#ba05f6c2)
[INFO] [stderr]     Checking iced_native v0.2.2 (https://github.com/hatoo/iced.git?branch=winit-0.2.1#ba05f6c2)
[INFO] [stderr]     Checking gfx-backend-vulkan v0.5.6
[INFO] [stderr]     Checking iced_graphics v0.1.0 (https://github.com/hatoo/iced.git?branch=winit-0.2.1#ba05f6c2)
[INFO] [stderr]     Checking iced_winit v0.1.1 (https://github.com/hatoo/iced.git?branch=winit-0.2.1#ba05f6c2)
[INFO] [stderr]     Checking wgpu-core v0.5.5
[INFO] [stderr]     Checking wgpu-native v0.5.0
[INFO] [stderr]     Checking wgpu v0.5.0
[INFO] [stderr]     Checking wgpu_glyph v0.9.0
[INFO] [stderr]     Checking iced_wgpu v0.2.2 (https://github.com/hatoo/iced.git?branch=winit-0.2.1#ba05f6c2)
[INFO] [stderr]     Checking iced v0.1.1 (https://github.com/hatoo/iced.git?branch=winit-0.2.1#ba05f6c2)
[INFO] [stderr]     Checking whisper v0.1.0 (/opt/rustwide/workdir)
[INFO] [stdout] error[E0433]: failed to resolve: could not find `shared` in `winapi`
[INFO] [stdout]    --> src/lib.rs:188:13
[INFO] [stdout]     |
[INFO] [stdout] 188 | use winapi::shared::windef::HWND;
[INFO] [stdout]     |             ^^^^^^ could not find `shared` in `winapi`
[INFO] [stdout] 
[INFO] [stdout] 
[INFO] [stdout] error[E0432]: unresolved import `winit::platform::windows`
[INFO] [stdout]    --> src/lib.rs:217:27
[INFO] [stdout]     |
[INFO] [stdout] 217 |                 platform::windows::WindowBuilderExtWindows,
[INFO] [stdout]     |                           ^^^^^^^ could not find `windows` in `platform`
[INFO] [stdout] 
[INFO] [stdout] 
[INFO] [stdout] error[E0412]: cannot find type `HWND` in this scope
[INFO] [stdout]    --> src/lib.rs:205:20
[INFO] [stdout]     |
[INFO] [stdout] 205 |     fn new(parent: HWND, params: Arc<WhisperParameters>) -> Self {
[INFO] [stdout]     |                    ^^^^ not found in this scope
[INFO] [stdout] 
[INFO] [stdout] 
[INFO] [stdout] error[E0412]: cannot find type `HWND` in this scope
[INFO] [stdout]    --> src/lib.rs:443:38
[INFO] [stdout]     |
[INFO] [stdout] 443 |         let gui = GUI::new(parent as HWND, self.params.clone());
[INFO] [stdout]     |                                      ^^^^ not found in this scope
[INFO] [stdout] 
[INFO] [stdout] 
[INFO] [stdout] warning: unused import: `log::LevelFilter`
[INFO] [stdout]  --> src/lib.rs:5:5
[INFO] [stdout]   |
[INFO] [stdout] 5 | use log::LevelFilter;
[INFO] [stdout]   |     ^^^^^^^^^^^^^^^^
[INFO] [stdout]   |
[INFO] [stdout]   = note: `#[warn(unused_imports)]` on by default
[INFO] [stdout] 
[INFO] [stdout] 
[INFO] [stdout] error[E0433]: failed to resolve: could not find `shared` in `winapi`
[INFO] [stdout]    --> src/lib.rs:188:13
[INFO] [stdout]     |
[INFO] [stdout] 188 | use winapi::shared::windef::HWND;
[INFO] [stdout]     |             ^^^^^^ could not find `shared` in `winapi`
[INFO] [stdout] 
[INFO] [stdout] 
[INFO] [stdout] error[E0432]: unresolved import `winit::platform::windows`
[INFO] [stdout]    --> src/lib.rs:217:27
[INFO] [stdout]     |
[INFO] [stdout] 217 |                 platform::windows::WindowBuilderExtWindows,
[INFO] [stdout]     |                           ^^^^^^^ could not find `windows` in `platform`
[INFO] [stdout] 
[INFO] [stdout] 
[INFO] [stdout] error[E0412]: cannot find type `HWND` in this scope
[INFO] [stdout]    --> src/lib.rs:205:20
[INFO] [stdout]     |
[INFO] [stdout] 205 |     fn new(parent: HWND, params: Arc<WhisperParameters>) -> Self {
[INFO] [stdout]     |                    ^^^^ not found in this scope
[INFO] [stdout] 
[INFO] [stdout] 
[INFO] [stdout] error[E0412]: cannot find type `HWND` in this scope
[INFO] [stdout]    --> src/lib.rs:443:38
[INFO] [stdout]     |
[INFO] [stdout] 443 |         let gui = GUI::new(parent as HWND, self.params.clone());
[INFO] [stdout]     |                                      ^^^^ not found in this scope
[INFO] [stdout] 
[INFO] [stdout] 
[INFO] [stdout] warning: unused import: `log::LevelFilter`
[INFO] [stdout]  --> src/lib.rs:5:5
[INFO] [stdout]   |
[INFO] [stdout] 5 | use log::LevelFilter;
[INFO] [stdout]   |     ^^^^^^^^^^^^^^^^
[INFO] [stdout]   |
[INFO] [stdout]   = note: `#[warn(unused_imports)]` on by default
[INFO] [stdout] 
[INFO] [stdout] 
[INFO] [stdout] error[E0599]: no method named `with_parent_window` found for struct `WindowBuilder` in the current scope
[INFO] [stdout]    --> src/lib.rs:223:18
[INFO] [stdout]     |
[INFO] [stdout] 223 |                 .with_parent_window(parent)
[INFO] [stdout]     |                  ^^^^^^^^^^^^^^^^^^ method not found in `WindowBuilder`
[INFO] [stdout] 
[INFO] [stdout] 
[INFO] [stderr] error: could not compile `whisper`.
[INFO] [stdout] error: aborting due to 5 previous errors; 1 warning emitted
[INFO] [stdout] 
[INFO] [stdout] 
[INFO] [stderr] 
[INFO] [stdout] Some errors have detailed explanations: E0412, E0432, E0433, E0599.
[INFO] [stdout] 
[INFO] [stderr] To learn more, run the command again with --verbose.
[INFO] [stdout] For more information about an error, try `rustc --explain E0412`.
[INFO] [stdout] 
[INFO] [stderr] warning: build failed, waiting for other jobs to finish...
[INFO] [stdout] error[E0599]: no method named `with_parent_window` found for struct `WindowBuilder` in the current scope
[INFO] [stdout]    --> src/lib.rs:223:18
[INFO] [stdout]     |
[INFO] [stdout] 223 |                 .with_parent_window(parent)
[INFO] [stdout]     |                  ^^^^^^^^^^^^^^^^^^ method not found in `WindowBuilder`
[INFO] [stdout] 
[INFO] [stdout] 
[INFO] [stdout] error: aborting due to 5 previous errors; 1 warning emitted
[INFO] [stdout] 
[INFO] [stdout] 
[INFO] [stdout] Some errors have detailed explanations: E0412, E0432, E0433, E0599.
[INFO] [stdout] 
[INFO] [stdout] For more information about an error, try `rustc --explain E0412`.
[INFO] [stdout] 
[INFO] [stderr] error: build failed
[INFO] running `Command { std: "docker" "inspect" "569e2b2aebd146784644aef4475c0f2e08dfd2c960471e18b7d92cb46b996309", kill_on_drop: false }`
[INFO] running `Command { std: "docker" "rm" "-f" "569e2b2aebd146784644aef4475c0f2e08dfd2c960471e18b7d92cb46b996309", kill_on_drop: false }`
[INFO] [stdout] 569e2b2aebd146784644aef4475c0f2e08dfd2c960471e18b7d92cb46b996309
